*2 + 12*f + 5. Let m be k(-11). Let b be (-375)/m - 1/(-2). Calculate the greatest common factor of b and 7.
7
Let d = -46 + -146. Let i = -124 - d. Calculate the highest common divisor of i and 17.
17
Let f = 104 + -185. Let n be f/(-6)*(-6)/(-9). Calculate the highest common factor of 9 and n.
9
Let f be 2*(-1 + 2) + 1. What is the highest common factor of 1 and f?
1
Let g be (12/(-10))/((32/(-30))/8). Suppose -2*i - 2*i + 122 = a, -52 = -2*i - 5*a. Suppose 5*t = 14 + i. Calculate the greatest common divisor of g and t.
9
Suppose -a - 4*n = -14 - 5, 5*a - n = 137. Let i be (-2)/(-4) - 15/(-6). Calculate the greatest common divisor of a and i.
3
Suppose -2*i + 4*h + 17 = 5*h, 3*h = -4*i + 33. What is the greatest common factor of i and 3?
3
Suppose 3*f - 50 = -2*f. What is the greatest common factor of f and 70?
10
Suppose -b = 3*w + 2*b + 27, 3*w - 2*b + 12 = 0. Let g be 120/(-9) + 4/w. Let f = 157 + g. What is the highest common divisor of 13 and f?
13
Let g(l) = -23*l + 10*l + 5*l + 5*l + 7. Let a be g(-5). What is the highest common factor of 33 and a?
11
Suppose 0 = -4*m - 5*m + 216. Calculate the greatest common divisor of m and 8.
8
Suppose -5*z = -0*z. Let a(y) = y + 11. Let o be a(z). Let v = -44 + 66. Calculate the highest common divisor of v and o.
11
Let y = -83 + 50. Let s = -17 - y. What is the highest common divisor of 176 and s?
16
Let y be (-53)/(-3) + (-2)/(-6). What is the highest common divisor of 45 and y?
9
Let t be (1 - 0 - 0)*3. Suppose 0*p - 140 = -4*z + 4*p, 0 = -4*z - t*p + 105. Let r = -48 + 68. Calculate the highest common divisor of z and r.
10
Suppose 38 = 5*v - 7. What is the greatest common divisor of v and 225?
9
Let g = 17 + -9. Let i be (5/3)/(g/192). What is the highest common factor of 8 and i?
8
Suppose 2*x = -0*x + 28. Let y be (-20)/(-3) + 1/3. Calculate the highest common factor of y and x.
7
Let d = -114 - -312. What is the highest common divisor of d and 18?
18
Let d(z) = z**3 + 10*z**2 + 3*z + 1. Let s be d(-9). Suppose 40 = 5*x + 15. What is the greatest common divisor of x and s?
5
Let h be (0 + 1)*-14*(-33)/6. Calculate the greatest common divisor of h and 7.
7
Let n be (21/(-6))/((-4)/(-8)). Let c(g) = -2*g - 9. Let p be c(n). Calculate the greatest common divisor of p and 1.
1
Let y = 81 - 44. Calculate the greatest common divisor of 148 and y.
37
Let u(b) = 10*b**2 + 2*b. Suppose -1 = a - 3. Let q be u(a). Suppose q = 4*i - 4. What is the greatest common divisor of i and 4?
4
Let v be (-456)/(-28) - 7/(98/4). What is the greatest common divisor of v and 176?
16
Let q be (101 - -4) + -1 + 0. Suppose -4*k + 387 + 63 = -5*f, -3*f + q = k. What is the highest common divisor of 44 and k?
22
Suppose -3 = -a + 4. Suppose -5 - a = -x. Suppose 5*b = 4*j + 3, b + j = 6*j - x. What is the highest common divisor of 33 and b?
3
Let g(z) = z**3 + 14*z**2 - 16*z - 6. Let v be g(-15). Calculate the highest common factor of 36 and v.
9
Let s = -8 - -17. What is the greatest common divisor of 6 and s?
3
Let r be (-345)/90 + 2/(-12). Let f be r/(-10) - 18/(-5). Calculate the greatest common factor of f and 2.
2
Let j(a) = a**3 + 6*a**2 - 4*a + 9. Let f be j(4). What is the highest common divisor of 17 and f?
17
Suppose -6*q = -5*q + 4. Let l = q - -12. What is the highest common divisor of 40 and l?
8
Suppose 5*a = a + 12. Let n(t) = 0*t - t**3 + t**2 + 2*t - t**2 + 3 + a*t**2. Let h be n(3). Calculate the greatest common divisor of h and 3.
3
Let l = 49 + -34. Let o(a) = a**2 - 9*a + 2. Let i be o(9). Suppose -2*h + i = -4. Calculate the highest common factor of h and l.
3
Suppose 0*f = -4*c + 5*f + 12, -4*f + 6 = 2*c. Suppose 3 = 2*d - 3*x, -2*d + x - 4*x = -33. What is the greatest common divisor of d and c?
3
Let o = 8 - -13. Let u(a) = 2*a**3 + a**2 - 2*a + 1. Let r be u(1). Suppose o + 3 = r*w. Calculate the greatest common divisor of w and 6.
6
Suppose 3 + 3 = c. Let i be (-21)/(-3) + -5 + c. Calculate the greatest common divisor of i and 24.
8
Let o(u) = -u**2 - 3*u + 2. Let q be o(-2). Let v be 1 - (2 - 0 - 9). Calculate the highest common factor of v and q.
4
Let r = -4 - -17. What is the greatest common divisor of 130 and r?
13
Let m(z) = 113*z**2 - 5*z + 2. Let r be m(1). Calculate the highest common divisor of r and 22.
22
Let c = 7 - 8. Let d(z) = 89*z**2 + 1. Let b be d(c). What is the greatest common factor of b and 36?
18
Let q be (-11 + 2)/(-4 - -3). Let u be (81/4)/(2/8). Calculate the highest common factor of u and q.
9
Suppose -4*k + 76 = 5*t, 0 = -k - 3*k - 4. Suppose 2*s - s = -3. Let y be s - (4 + -3 + -12). Calculate the highest common divisor of t and y.
8
Let j(q) = 2*q**2 - 2*q. Suppose -d - d = 8. Let m be j(d). What is the highest common factor of 5 and m?
5
Let s be 38/(-14) + (-22)/77. Let z be ((-20)/(-8) + s)*-16. What is the highest common factor of 2 and z?
2
Let g = -2 - -2. Suppose -3*x + 424 + 170 = g. What is the highest common factor of 18 and x?
18
Suppose -o + 4 = -y + 3*o, -5 = y - 5*o. Suppose 2*i - 4*m = 32, i = -y*i + 4*m + 12. Calculate the highest common factor of i and 50.
10
Let i be 2/2*(-363)/(-1). Calculate the greatest common divisor of 33 and i.
33
Let h be 1*((-6)/(-2) + 0). Let j(y) = 3*y - 4. Let r be j(h). Suppose -4*g + g + 6 = 0. Calculate the greatest common factor of g and r.
1
Let o(w) = -w + 8. Let m be o(-8). Suppose 36 = 4*d - 60. What is the highest common divisor of m and d?
8
Let x(f) = f + 14. Let k be x(-10). Let o be -10 + -1 + (-4 - -3). Let r = k - o. Calculate the greatest common divisor of r and 16.
16
Let l = -21 - -31. Let x be (0 - l/(-4))*20. Let h = 14 - 4. Calculate the highest common factor of x and h.
10
Let v be (-52)/6*6*7/(-14). Calculate the greatest common divisor of 26 and v.
26
Let c = -2 - 0. Suppose 3 = -l + 5*v, l + 2*v = -2*l - 43. Let p = c - l. What is the greatest common factor of 99 and p?
11
Suppose 45 = 7*t - 2*t. Suppose -57 = -g - t. What is the highest common divisor of 6 and g?
6
Let f be 3/5 - (-51)/15. What is the greatest common factor of f and 16?
4
Let b(j) = -j + 23. Let z be b(7). What is the highest common divisor of 24 and z?
8
Let o = 77 + -46. What is the greatest common divisor of o and 93?
31
Let s be (11 - -1) + (-20)/5. What is the highest common divisor of 2 and s?
2
Suppose -28 = -2*m + 3*l + 7, -2*l = -6. Suppose -5*t + 2*t + 6 = 0. Suppose t = 2*k - 2. What is the greatest common factor of m and k?
2
Let n be -51*2/(-3) + -1. What is the highest common divisor of 3 and n?
3
Let m be (-55)/(-2) - (-5)/(-10). Let r be (27/(-3))/(-3) + m. Calculate the greatest common divisor of r and 6.
6
Let w = 316 + -193. Let u = w + -87. Suppose 4*h = 12 + u. Calculate the greatest common divisor of h and 12.
12
Let r = -38 + 104. What is the highest common divisor of 33 and r?
33
Suppose -3*d + 2*l + 31 + 69 = 0, -3*l + 37 = d. Let o be 1/2*d/1. Suppose 0*m + 374 = 2*m. Calculate the greatest common factor of o and m.
17
Suppose 4*j - 4*i - 71 = i, 6 = -2*i. Let p = 54 + -33. Calculate the greatest common divisor of j and p.
7
Let q = -56 + 104. Suppose 2*h - q = -h. What is the greatest common factor of 128 and h?
16
Let u be 3/(-4) - 1990/(-40). Let n = u + -22. What is the highest common divisor of 297 and n?
27
Suppose 5 = r - 1. Suppose 0 = 161*g - 163*g + 4. What is the greatest common factor of g and r?
2
Let x be ((-36)/15)/((-6)/15). Suppose 5*b + 5*j = 20, -b - 5*j = 2*b - 12. Calculate the greatest common divisor of x and b.
2
Let f be 57/2 - 3/6. Calculate the greatest common factor of f and 7.
7
Let z be -2 - (-4)/3*3. Suppose z*d = 277 - 95. What is the greatest common factor of 13 and d?
13
Let r be (-23)/(-138) + (-53)/(-6). Calculate the greatest common divisor of 18 and r.
9
Let o be (14/(-8))/(3/(-12)). Let r = 13 + o. What is the highest common factor of 50 and r?
10
Let b be (-476)/17*6/(-4). Let o = -31 - -45. Calculate the highest common divisor of b and o.
14
Suppose -24 = -3*x + 2*r - r, x = 3*r + 16. Let l(p) = 0*p - 8 - 3*p + 0 + 4*p. Let g be l(9). Calculate the highest common factor of g and x.
1
Let a(l) be the second derivative of l**4/12 + l**3/3 + 5*l**2/2 + l. Suppose -3 = 3*w + 9. Let h be a(w). What is the highest common divisor of h and 52?
13
Let g be ((-40)/